y n.
31
Let o = 6991 + -6846. What is the remainder when o is divided by 55?
35
Suppose 33 = 2*o - 3*u, 2*o + u - 45 = -16. Suppose -5*w - 4*q = -82, -39 = -5*w + 2*w + q. Calculate the remainder when o is divided by w.
1
Suppose 5*n - 777 - 113 = 25. What is the remainder when 367 is divided by n?
1
Suppose 3*l + 19 - 4 = 0. Let u = 14 + l. Suppose 3*g = -4*v + 45 + 107, 5*v = 2*g - 109. What is the remainder when g is divided by u?
7
Let l(y) = -12*y + 23. Let k be l(3). Calculate the remainder when 6 - 1 - (k - 10) is divided by 8.
4
Let v be 1/1 - (-15 - -1). Let w = 0 + 13. Suppose v*b = w*b + 36. Calculate the remainder when 30 is divided by b.
12
Suppose 4*x + 823 = r, 391*x - 1598 = -2*r + 387*x. What is the remainder when r is divided by 66?
15
Suppose 0 = l - 3*l + 35*l - 2442. Calculate the remainder when 1180 is divided by l.
70
Let b(h) = h**2 + 16*h + 18. Let w be (-7 + 30/5)*(0 + 15). Let x be b(w). What is the remainder when (-12)/x - -8*4 is divided by 16?
12
Let h be (808*7/14)/2. Let w = h - 185. What is the remainder when 49 is divided by w?
15
Suppose 0 = 2*g - 25*g + 11*g + 4344. Calculate the remainder when g is divided by 14.
12
Let i(m) = 191*m**3 + m**2 - m. Suppose 853*t - 854*t = -2*l - 7, 0 = 5*t - 2*l - 59. What is the remainder when i(1) is divided by t?
9
Let d = -5 - -8. Let p be ((-14)/21 - (-2)/3) + 69. Suppose -d*g + 201 = p. What is the remainder when g is divided by 9?
8
Calculate the remainder when (-5 - (-1539)/(-18))*(-2)/1 is divided by 95.
86
Suppose -q + 1253 = 20*o - 17*o, -o + 462 = -6*q. What is the remainder when o is divided by 396?
24
Suppose 0 = 3*d + 15, 5*z - 7*d - 55 = -11*d. Calculate the remainder when 988 is divided by z.
13
Suppose 0 = 5*k - 0*k - k. Suppose 3*l - 5*n - 154 = k, -2*n = -4*l - 4*n + 162. What is the remainder when l is divided by 22?
21
Suppose 25*q - 949 - 1145 = 581. Let r = -7 - -44. Calculate the remainder when q is divided by r.
33
Let v(y) = y**2 + 68*y + 1764. Calculate the remainder when v(-40) is divided by 94.
80
Let x(v) = v**3 + 5*v**2 + 2*v - 3. Let s be x(-4). Let f(k) = -k**3 + 8*k**2 - 12*k + 1. What is the remainder when f(s) is divided by 10?
6
Let i(z) = 4*z**2 + 96*z - 637. Calculate the remainder when i(7) is divided by 206.
25
Suppose -5*s + 30 + 35 = 0. Suppose -9*t = -7*t - 14. Suppose t*x = 11*x - 204. What is the remainder when x is divided by s?
12
Suppose 3*f - 8*f - 739 = -2*g, 2*f = -10. Let l = g + -320. Calculate the remainder when l is divided by 16.
5
Suppose -11*k - 9*k + 3828 = 96*k. What is the remainder when 146 is divided by k?
14
Suppose 2*s = 4, 3*z + 2*z - 3*s = 279. Calculate the remainder when z is divided by 27.
3
Let z = 39 - 76. Suppose 4*k + 165 = 3*r, k + r + 2*r = -45. Let m = z - k. Calculate the remainder when 49 is divided by m.
4
Let x(s) = -s**3 - 94*s**2 - 686*s + 196. What is the remainder when 3501 is divided by x(-86)?
21
Let v(r) be the second derivative of r**5/20 - r**4/3 - 5*r**3/3 + 2*r**2 - 26*r - 4. What is the remainder when 61 is divided by v(6)?
13
What is the remainder when 2392 is divided by (-12)/(-462)*11*399?
112
Let a(j) = 17*j - 157. Let b be a(18). Let n = b + -121. Calculate the remainder when 76 is divided by n.
20
Let g(w) = 2*w**2 + 87*w - 1195. Calculate the remainder when g(17) is divided by 95.
7
Suppose -i + 1 + 3 = 0. Suppose -3*v + 3*g = -12, 0 = v - i*v + 2*g + 9. Let t(r) = 34*r**3 + r**2 - r + 1. What is the remainder when t(v) is divided by 20?
15
Calculate the remainder when ((-176)/20 - -9)/(1/2285) is divided by 161.
135
What is the remainder when 190 is divided by (11 - 2/1) + -24 + 75 + 52?
78
Let p = -8235 + 9280. What is the remainder when p is divided by 259?
9
Let g = -2 - -4. Suppose 5*f = g*f + 297. Suppose -20*i + 1047 - 367 = 0. Calculate the remainder when f is divided by i.
31
Suppose 2*f - 4*f = -r - 28, 3*r - 5*f + 86 = 0. Let n = r - -58. Let u(v) = -3*v**3 - 6*v**2 - 15*v - 27. Calculate the remainder when u(-4) is divided by n.
25
Let u = -2467 + 2577. What is the remainder when 325 is divided by u?
105
Let w be ((-3)/(6/41))/(23/(-138)). Let l = w - 74. Suppose -19 - 66 = -5*b. What is the remainder when l is divided by b?
15
Let g be 3/(6/4*2/184). Suppose -2*x - 6*n + 92 = -3*n, -4*x - 5*n = -g. Calculate the remainder when x is divided by 29.
17
Let a(i) = 101*i - 765. What is the remainder when 260 is divided by a(9)?
116
Let j = -3697 + 3944. Calculate the remainder when j is divided by 14.
9
Suppose -y - 677 = -3*j + 36, 0 = -j - y + 235. Let f = 3 - -11. What is the remainder when j is divided by f?
13
Let t = -47 - -55. Let q(a) = -a**2 + 7*a + 10. Let s be q(t). Suppose 3*m + 5*u = 25 - 5, -s*m + 24 = -2*u. Calculate the remainder when 58 is divided by m.
8
Let l be (126/(-168) - 1/(-4))*1546. Let b = l - -839. What is the remainder when b is divided by 23?
20
Let r = -85 + 252. Suppose -r*b + 85 = -162*b. What is the remainder when 100 is divided by b?
15
Let u = -7355 + 7413. What is the remainder when 984 is divided by u?
56
Let l = 294 + -411. Let f be l*((-4)/(-12) + 4/(-6)). Calculate the remainder when 37 is divided by 6/(-39) + (3 - (-279)/f).
7
Let s = -12628 - -12731. Calculate the remainder when s is divided by 71.
32
Let h(b) = 50*b - 5. Suppose l + 5 = -3*v, -6*l - 4*v = -3*l + 5. Let a be h(l). Suppose -16*k = -7*k - a. What is the remainder when 22 is divided by k?
2
Let y be (-35)/(-5) - (-2 + -3). Suppose 0 = 7*u - 156 - y. What is the remainder when 116 is divided by u?
20
Let h(s) = -113*s - 908. What is the remainder when h(-24) is divided by 4?
0
Let t(w) = -2*w**3 - 13*w**2 - 16*w - 1. Let s be 2/3*120/(-16). Calculate the remainder when (-200)/(-14) - 2/7 is divided by t(s).
2
Let m = -3966 + 7536. What is the remainder when m is divided by 38?
36
Suppose -r = 3*r - 328. Calculate the remainder when r is divided by (-32 - 17)*(-6)/6.
33
Let v(p) = 11*p + 91. Let f be v(-8). Suppose -f*h - 3*h + 222 = 0. Calculate the remainder when 62 is divided by h.
25
Let q(c) = 22 - 6*c - 3*c**3 - 7 - 36 + 28*c**2. Let a be q(9). Suppose 0 = 8*v - 314 - a. What is the remainder when v is divided by 7?
5
Let b = -2555 - -2596. Calculate the remainder when 280 is divided by b.
34
Suppose -4*u = 20, -3*q - 3*u + u = -35. Suppose -770 = -f + q*f. Let a = -1 - f. What is the remainder when a is divided by 26?
2
Suppose -h = -3*n + 785, 781 = 58*n - 55*n + h. Calculate the remainder when n is divided by 209.
52
Calculate the remainder when 753 is divided by (-35)/(-20) + 18699/92.
138
Suppose -70*r + 72*r = -5*x + 849, 5*x - 833 = -4*r. Let s = -10 + 26. Calculate the remainder when x is divided by s.
13
Let y = -5236 - -5654. What is the remainder when y is divided by 2?
0
Let y be 1/5*-3 + (-1578)/(-30). Let u = -48 + y. Suppose 2*p - 18 = -g, 36 = u*p - 0*g - 3*g. Calculate the remainder when 44 is divided by p.
8
Suppose -5*g - 2*a = 260, 4*g - 8*a + 12*a = -208. Calculate the remainder when 96 is divided by (g/5)/(160/(-25) + 6).
18
Let k = 238 + -221. Let g(d) = -d**3 - 2*d**2 + 4*d + 3. Let w be g(-5). Let a = -27 + w. What is the remainder when a is divided by k?
14
Let x(d) = d**3 - 56*d**2 - 175*d - 103. Suppose 3*p + 5*h - 192 = 0, 2*h = -2*p - 0*h + 124. Calculate the remainder when 224 is divided by x(p).
14
Let h = 961 - 352. Let w = -32754 + 32805. Calculate the remainder when h is divided by w.
48
Suppose 0*b + 2*b = 5*b. Let h(i) = -18*i + 38. What is the remainder when h(b) is divided by 13?
12
Let j be (10424/(-12))/(-1) - 8/(-6). Suppose 0 = -5*t + 14*q - 9*q + j, 532 = 3*t + 2*q. Calculate the remainder when t is divided by 48.
32
Let p = 46 + -41. Suppose m = -p*f + 24, -2*m - f + 40 = -8. Calculate the remainder when (-1)/6 + -2 + 1713/18 is divided by m.
21
Let y be 6790/(-98) + 2*2/14. Let m = -77 - y. Calculate the remainder when 141 is divided by 16/6*(-4)/(m/18).
21
Let z = 255 - 159. Let m = z + -87. What is the remainder when 42 is divided by m?
6
Suppose -157 - 139 = -4*f. Suppose -1786*s = 1791*s - 3567*s - 170. Calculate the remainder when f is divided by s.
6
Let p = 159 + -109. Let v be ((-4)/10)/((-9)/90). Suppose 85 = v*t + t. What is the remainder when p is divided by t?
16
Suppose -5*i = 3*a + 63, -4*i - 